1 + -11100000100?
-11011010001
In base 12, what is -b08 - -610?
-4b8
In base 5, what is 2 - 34110?
-34103
In base 16, what is -39 - -355c?
3523
In base 8, what is -121 - 2267?
-2410
In base 5, what is 1042214110 - 2?
1042214103
In base 10, what is -44941 + -14?
-44955
In base 3, what is -21101 + -211201?
-1010002
In base 14, what is 2 - 8381?
-837d
In base 3, what is -10 + -101000202?
-101000212
In base 9, what is 60466 + 1?
60467
In base 12, what is 67 + 86?
131
In base 6, what is 13 + 2034?
2051
In base 2, what is 110111 + 110011111?
111010110
In base 4, what is -320 + 13212?
12232
In base 14, what is -2b1 + c9?
-1c6
In base 16, what is -285 - 159?
-3de
In base 8, what is -221 + -527?
-750
In base 5, what is -433 - 330302?
-331240
In base 6, what is 30102 + 0?
30102
In base 12, what is -5 - -294962?
294959
In base 11, what is -222 + 171a?
14a8
In base 16, what is -44a + -6f?
-4b9
In base 7, what is -2 - -1531123?
1531121
In base 4, what is -12 - -1112211233?
1112211221
In base 9, what is -1 + 111074?
111073
In base 9, what is 11 - 7051?
-7040
In base 14, what is d - 84b4?
-84a5
In base 5, what is 114 + -124204?
-124040
In base 12, what is 0 - -30b9?
30b9
In base 14, what is -2c8 + -1899?
-1b83
In base 13, what is 3497 + -1?
3496
In base 7, what is -352 - 4?
-356
In base 15, what is a598c - 0?
a598c
In base 12, what is -46 - -9a6a?
9a24
In base 16, what is -15 + 29e?
289
In base 4, what is -1031 + 13312223?
13311132
In base 7, what is -46 - -200145?
200066
In base 3, what is 1020021 - 10222?
1002022
In base 3, what is -11020212120 + 12?
-11020212101
In base 4, what is 1 + -1000031122?
-1000031121
In base 11, what is -a58 - 19?
-a76
In base 3, what is -2111 + -2101022?
-2110210
In base 14, what is 2 - -6b43?
6b45
In base 15, what is 2 + -1302?
-1300
In base 11, what is 26 - 77916?
-778a0
In base 8, what is 54 + -23762?
-23706
In base 12, what is -5660 - 7?
-5667
In base 4, what is 2330 + -1302?
1022
In base 11, what is -6177214 - 0?
-6177214
In base 12, what is 7 - 271ab?
-271a4
In base 7, what is 321032 + 5?
321040
In base 5, what is -324 + -212043?
-212422
In base 14, what is 8c8 + -5c?
86a
In base 11, what is -367 - -288?
-8a
In base 14, what is -68 + a7a?
a12
In base 15, what is 311de + 5?
311e4
In base 10, what is 114 + -1254?
-1140
In base 5, what is 11 + 4243120?
4243131
In base 13, what is -2b - 2723?
-2751
In base 9, what is -2535 - 41?
-2576
In base 6, what is 2 - -312011?
312013
In base 2, what is 1100 + 1100100000110001?
1100100000111101
In base 6, what is -233233 + -3?
-233240
In base 6, what is -5 + -4052144?
-4052153
In base 14, what is -14a + 1d3?
87
In base 5, what is -300 - -231411?
231111
In base 15, what is -5 - -24051?
2404b
In base 5, what is 1101 + -102?
444
In base 5, what is 3004 - 112?
2342
In base 8, what is 416 - 1154?
-536
In base 14, what is -55923 + -2?
-55925
In base 3, what is 2012210112 + 0?
2012210112
In base 8, what is -16377 - -1217?
-15160
In base 6, what is 301 + 10105?
10410
In base 11, what is -2 - -79a424?
79a422
In base 12, what is 118 - -76?
192
In base 15, what is -281 + -c3b?
-ebc
In base 5, what is 1334 - -1444?
3333
In base 15, what is 12e98 - 2?
12e96
In base 10, what is -16 - 6179?
-6195
In base 6, what is -2500 - 22?
-2522
In base 8, what is 14742315 + 0?
14742315
In base 2, what is 10110110101111 - 10011?
10110110011100
In base 14, what is 1812 - -11?
1823
In base 2, what is 10011101111010001 - 10?
10011101111001111
In base 13, what is -4 - 3b76a?
-3b771
In base 7, what is 2 + 135600?
135602
In base 13, what is -479 - -1619?
1170
In base 11, what is -1722 + -433?
-2055
In base 3, what is -1110 - -1120211?
1112101
In base 16, what is -5 - e40?
-e45
In base 3, what is -10222111201 - 1100?
-10222120001
In base 11, what is -7 - -63704?
636a8
In base 8, what is 2707140 - 2?
2707136
In base 7, what is -112140 + -204?
-112344
In base 2, what is -1000000000000000000 + 0?
-1000000000000000000
In base 9, what is -1102 + 168?
-823
In base 3, what is 11 + -121100011?
-121100000
In base 7, what is 213 + 11333?
11546
In base 12, what is 2 - -83b6?
83b8
In base 7, what is 4556 + -63?
4463
In base 6, what is -440254 + 12?
-440242
In base 8, what is -262 - 1201?
-1463
In base 13, what is -a1 - 280?
-351
In base 14, what is 133ca + -5?
133c5
In base 8, what is -46303 + 4?
-46277
In base 6, what is -10331 - 52?
-10423
In base 2, what is -11001000101101 + 1011001?
-11000111010100
In base 14, what is -6a4b + -2a?
-6a77
In base 12, what is 13a60 - 45?
13a17
In base 4, what is -23030 + -13331?
-103021
In base 3, what is 2 - -1222010010?
1222010012
In base 13, what is -3 + a4b?
a48
In base 7, what is -225 + -1253?
-1511
In base 15, what is 2aec + -2b?
2ac1
In base 9, what is 5 - -33466?
33472
In base 12, what is -9003a + 0?
-9003a
In base 9, what is -223633 - -1?
-223632
In base 4, what is -3 + -311011131?
-311011200
In base 3, what is 12020 - 1020220?
-1001200
In base 15, what is 3 + b50b?
b50e
In base 10, what is -1 - 33614?
-33615
In base 5, what is 1014 + 11143?
12212
In base 2, what is 1011010 - -111101000?
1001000010
In base 6, what is 354420 + -1?
354415
In base 16, what is -bca6 + -2?
-bca8
In base 9, what is 1 + 78114?
78115
In base 4, what is -231 + -1333?
-2230
In base 10, what is -120 - 2458?
-2578
In base 11, what is -3 - 506483?
-506486
In base 8, what is 5321432 - -3?
5321435
In base 3, what is 21 - -1200110?
1200201
In base 6, what is -1520 + 2011?
51
In base 3, what is 202220 - 101?
202112
In base 16, what is 1fb + -24b?
-50
In base 15, what is 136c0 + 11?
136d1
In base 12, what is -47 + 2b967?
2b920
In base 8, what is 262 + 1052?
1334
In base 6, what is 21323 - 1?
21322
In base 15, what is -3cea - 0?
-3cea
In base 3, what is -2000 - -20021010?
20012010
In base 13, what is -4682 - 1?
-4683
In base 11, what is -1470282 - -4?
-1470279
In base 7, what is -13 + -4201403?
-4201416
In base 16, what is 8 + -17d3?
-17cb
In base 13, what is -3 + -5706c?
-57072
In base 2, what is -1010110101 - 1001001101111?
-1010100100100
In base 13, what is -c - 2889?
-2898
In base 11, what is -3 + -4a062?
-4a065
In base 6, what is 5033 - -1352?
10425
In base 5, what is -1 - 214013013?
-214013014
In base 9, what is -1167 + 3?
-1164
In base 5, what is -141 - 1323?
-2014
In base 8, what is 3 - 3362774?
-3362771
In base 13, what is -1 - 11b4?
-11b5
In base 16, what is 234d4 - -3?
234d7
In base 10, what is 747 - -49?
796
In base 6, what is 4 + 1313?
1321
In base 15, what is cbc + -227?
a95
In base 12, what is 17a42 + 1?
17a43
In base 4, what is -1030310 - 200?
-1031110
In base 9, what is 67787 + 0?
67787
In base 10, what is -156948 + 7?
-156941
In base 13, what is 4 - -923?
927
In base 4, what is -13200011123 - -3?
-13200011120
In base 16, what is 437f - 15?
436a
In base 10, what is 2 - 141115?
-141113
In base 3, what is -201 + -1021111112?
-1021112020
In base 4, what is -11 - -11303330?
11303313
In base 13, what is 6 + 234c3?
234c9
In base 3, what is 10102 + -1121021012?
-1121010210
In base 8, what is 72264 - -5?
72271
In base 15, what is -b9 + -bc?
-186
In base 7, what is 1 + 115544?
115545
In base 16, what is -f9d - -7?
-f96
In base 2, what is 10100 - 10010000?
-1111100
In base 3, what is -1012000002200 - 12?
-1012000002212
In base 11, what is -2a40 + -19?
-2a59
In base 14, what is -5588 + 1?
-5587
In base 11, what is 234 - 1342?
-1109
In base 7, what is 1063 - -45455?
46551
In base 7, what is -2042 - -116?
-1623
In base 5, what is -2 + 121403?
121401
In base 8, what is -1210557 - 3?
-1210562
In base 4, what is 103232231313 - -3?
103232231322
In base 13, what is 27 - 3361?
-3337
In base 9, what is 0 - -6322?
6322
In base 8, what is -144504 + 0?
-144504
In base 9, what is 141042 + -1?
141041
In base 7, what is -3 - 451642?
-451645
In base 10, what is -13 - -361?
348
In base 7, what is -602240 + 1?
-602236
In base 9, what is -43488 - -13?
-43475
In base 11, what is -298777 - 4?
-298780
In base 13, what is 0 - 1a4a?
-1a4a
In base 9, what is 8 - -4080?
4088
In base 4, what is 12 - -31033223?
31033301
In base 14, what is -1385 - -2b?
-1358
In base 3, what is -10210102200 - -11?
-10210102112
In base 12, what is -21769 - -4?
-21765
In base 9, what is -13263 + 6?
-13256
In base 10, what is 1 + -422453?
-422452
In base 5, what i